04 and p?
13
Let w = 59 + 22. Calculate the highest common factor of 9 and w.
9
Let l = 23 + -21. Let i = -3 + 9. What is the highest common factor of i and l?
2
Let w = 129 + 204. Suppose 0 = -4*x - 4 - 4, -2*x = -4*k + 152. What is the highest common divisor of w and k?
37
Let o(q) = q**2 - 4*q - 24. Let j be o(-8). Calculate the highest common divisor of 8 and j.
8
Let l = -29 - -55. Let u = -36 + l. Let w be 4/(-6)*(u + -2). Calculate the highest common factor of 88 and w.
8
Let h(m) = m**2 + m. Let g(w) = 127*w**2 - 7*w. Suppose 23 = 3*j + 5. Let t(r) = j*h(r) + g(r). Let v be t(1). What is the greatest common factor of 12 and v?
12
Let x(n) = -n + 6. Let l be x(-6). Suppose -2*r + 312 = r. Suppose 3*t = 112 + r. What is the greatest common divisor of t and l?
12
Suppose 5*m - 3*l = -0*l - 91, -m + l - 19 = 0. Let y = m + 36. Calculate the highest common divisor of y and 19.
19
Let i = -16 - -30. Calculate the greatest common factor of 7 and i.
7
Let j = -1 - -2. Let y be (1 - -1) + j + -102. Let z = y - -162. Calculate the greatest common factor of z and 9.
9
Let z(y) = 34*y**2 + y. Let b be z(1). What is the highest common factor of 10 and b?
5
Let l be (-32)/12*(-2 - 4). What is the highest common factor of l and 64?
16
Let u(g) = -2*g**3 - 3*g**2 - 2*g - 3. Let h be u(-3). Calculate the highest common factor of 10 and h.
10
Suppose 12 + 8 = -2*j. Let p = 0 - j. Let s be 20 + -1 + (-2)/(-2). Calculate the greatest common factor of s and p.
10
Let a(d) = -3 + 2 - d + 2. Let y be a(-4). Suppose 0 = -z - y, 0*r - r - 2*z + 40 = 0. Calculate the greatest common divisor of 20 and r.
10
Let i be (-18)/15*100/(-6). What is the highest common divisor of 40 and i?
20
Let q(r) be the third derivative of 9*r**5/20 - r**4/6 + r**3/2 - 2*r**2. Let t be q(3). Calculate the highest common factor of t and 26.
26
Let s be ((-2)/3)/(8/(-12)). Let i = 5 - s. Calculate the greatest common divisor of i and 20.
4
Suppose 4*n + 36 = 2*f, -2*f = -3*n + 7*n - 44. Suppose 5*a - 3*a = -2*d + 4, -3*a + 18 = -3*d. Calculate the greatest common factor of f and a.
4
Suppose -47 = 3*d - 278. Let n = 131 - d. What is the highest common divisor of 6 and n?
6
Suppose 0 = 5*d + 3*c - 5 - 55, 5*d = -2*c + 55. Calculate the highest common factor of d and 63.
9
Suppose 3*n + v - 10 = n, 3*n - 10 = v. Suppose -2*d + n*d - 18 = 0. Calculate the highest common factor of 99 and d.
9
Let k = -18 + 31. Suppose -5*n + k = 33. Let w(u) = 3*u**2 + u + 4. Let l be w(n). Calculate the highest common divisor of 16 and l.
16
Let d(g) = -339*g + 9. Let w(r) = 170*r - 5. Let t(j) = -6*d(j) - 11*w(j). Let s be t(-1). Let y = -114 - s. What is the greatest common divisor of 7 and y?
7
Let j(o) = 3*o**2 + 3*o + 1. Suppose -9 = -3*c - 3*h, 0*c - h = 2*c - 1. Let f be j(c). Calculate the highest common factor of 7 and f.
7
Let h(w) = w**2 - 3*w. Let t be h(5). Let i = -8 + 18. Calculate the greatest common factor of t and i.
10
Let c(k) = 4*k**2 + 3*k + 2. Let w be c(-6). Let x(z) = 9*z - 2. Let q be x(2). What is the greatest common divisor of w and q?
16
Let g(t) = -t + 86. Let l be g(0). Let o be ((-1)/5)/((-36)/(-60))*-18. Suppose -v = -c + l, v + 10 = o*v. Calculate the highest common divisor of c and 11.
11
Suppose -8*v + 330 = -2*v. What is the greatest common factor of 5 and v?
5
Let u = 32 - 22. Suppose 0 = -d + u + 10. Let n(j) = 20*j. Let k be n(3). Calculate the greatest common divisor of k and d.
20
Suppose 3*s - p = 149, -s + 29 + 16 = -5*p. Calculate the highest common divisor of 75 and s.
25
Let s be (-14)/(-21) + 44/6. Let d(a) = 19*a - 7. Let h be d(5). What is the highest common factor of h and s?
8
Let g = -42 + 64. Calculate the highest common divisor of g and 66.
22
Let q = 8 - 3. Suppose -q*m = -m - 40. What is the greatest common divisor of m and 110?
10
Let j(s) = s**3 + 5*s**2 - 3*s + 1. Let q be (16 - 0)*(-1)/2. Let k(h) = h + 3. Let n be k(q). Let l be j(n). What is the greatest common factor of l and 8?
8
Let s be 7/4 - 8/(-32). Calculate the greatest common factor of s and 5.
1
Let z = -62 + 92. Calculate the greatest common factor of z and 45.
15
Suppose -14*z = -17*z + 6. Calculate the greatest common factor of 8 and z.
2
Let k(h) = -4*h + 4. Let i be (-10)/(-6)*(2 + 1). Suppose 0 = -i*u - 25, 2*g + 1 + 24 = -3*u. Let n be k(g). What is the highest common divisor of n and 12?
12
Suppose -5*h + 4*y - 1 = 9, -4*h = 5*y - 33. Calculate the greatest common divisor of h and 6.
2
Let k(n) = -31*n**3 + 3*n + 2. Let h be k(-1). Calculate the highest common factor of h and 10.
10
Suppose -q - 2*q + 4*b = -12, 5*b + 8 = 2*q. Suppose n = -0*n - 40. Let m be 8/(-12) + n/(-6). What is the highest common factor of q and m?
2
Let s(m) = m**2 + m - 2. Let g be s(5). What is the greatest common divisor of 42 and g?
14
Let m be (-1)/4 + 69/4. Let c = -89 - -155. Let n = 70 + c. Calculate the highest common factor of n and m.
17
Let g(h) = 29*h**2 + h + 2. Let k be g(-1). Calculate the highest common factor of 240 and k.
30
Suppose -3*b - 2*n = -6*n - 7, 2 = 2*b - 4*n. Suppose 16 = 3*j + j. Let w be (-6)/(-24) + 219/j. Calculate the greatest common divisor of b and w.
5
Let y be 14 + (6/3)/2. Let c = 23 - y. What is the greatest common divisor of c and 72?
8
Let i = -1254 - -162. Let k be (-2)/3 + i/(-18). Calculate the highest common factor of k and 15.
15
Let o(p) be the third derivative of -p**5/60 - 3*p**4/8 - 2*p**3/3 + 3*p**2. Let w be o(-4). What is the greatest common divisor of 40 and w?
8
Suppose -184 = -2*v + 36. What is the highest common factor of v and 22?
22
Suppose 0 = 26*v - 17*v - 180. Suppose 4 = -5*p + 154. What is the greatest common factor of v and p?
10
Suppose 0 = 4*g + 2*a - 64, -3*g + 2*a - 3*a = -50. What is the highest common divisor of 72 and g?
18
Suppose 3*u + 4*d = 97, 2*u + 4*d = 9 + 49. Calculate the greatest common divisor of u and 156.
39
Suppose -4*u + 90 = u. Suppose -5*c = -2*c - 135. Calculate the highest common factor of c and u.
9
Suppose -4*h + 204 - 16 = 0. Suppose -5*a + 13 = -h. Let s(c) = -c**3 + 13*c**2 - 10*c + 4. Let f be s(a). Calculate the highest common divisor of 4 and f.
4
Suppose 0 = -5*j + 3 - 8. Let i be (-165)/(-9) - j/(-3). Calculate the greatest common factor of i and 90.
18
Let s = -14 + 17. Suppose 3*w - a - 505 = -3*a, -3*a = s*w - 510. Calculate the highest common divisor of 15 and w.
15
Let i = 84 + -55. Calculate the greatest common factor of 58 and i.
29
Let z be 6/1*6/9. Suppose 0 = 2*b - 3*f + f - z, 4*b - f = 8. Let i be ((-18)/b)/((-2)/18). Calculate the greatest common divisor of 9 and i.
9
Suppose -3*v + 11 - 2 = 0. Suppose -4*x + v = -17, -4*k = -4*x. Suppose -4*p - k*y - 18 = -228, 2*y = -p + 54. What is the highest common factor of 10 and p?
10
Let m = 342 + -219. Suppose 5*h - 215 = -5*y, -5*y + 3*h = -2*y - m. Calculate the greatest common divisor of 14 and y.
14
Let u = -67 - -86. Calculate the highest common divisor of u and 19.
19
Let d(j) = -4*j - 13. Let i be d(-7). Calculate the highest common factor of i and 15.
15
Suppose -8*v + 1136 = -4*v. Calculate the greatest common factor of 71 and v.
71
Let s(u) = -4*u - 17. Let v be s(-5). Calculate the highest common divisor of 6 and v.
3
Let b be (-46)/(-6) - 23/(-69). Calculate the highest common divisor of 2 and b.
2
Let q(l) = l**2 + 5*l - 11. Let n be q(5). What is the greatest common divisor of n and 13?
13
Let w be -1 - (-3)/9 - 550/(-6). Calculate the greatest common divisor of 26 and w.
13
Let g be ((-2)/((-2)/3))/((-36)/(-300)). Calculate the greatest common factor of g and 10.
5
Suppose 4*y - y = 216. Let a be y/21*(-3 - -10). What is the greatest common divisor of a and 36?
12
Suppose -b = -13*b + 768. Calculate the highest common divisor of b and 24.
8
Suppose 21 = -4*q + 2*h + 55, -27 = -3*q + 3*h. Calculate the highest common divisor of 20 and q.
4
Let h(a) = -23*a - 1. Let z be h(-1). What is the highest common divisor of z and 242?
22
Let v(z) = 5*z + z**3 + 3*z**3 + 1 - 4*z - 6*z**2. Let k be v(4). What is the greatest common divisor of k and 15?
15
Let k = 262 + -122. Calculate the greatest common factor of 105 and k.
35
Let b = -10 + 25. Suppose -4*j - 9 = 11, 15 = 4*g + 5*j. Let u be 454/g - (-10)/(-25). Calculate the highest c